
Is 45 a factor of 342592?
False
Does 130 divide 20190252?
False
Is 1868 a factor of 27095030?
False
Does 35 divide 49210?
True
Does 19 divide 345876?
True
Is 49812 a multiple of 17?
False
Does 1531 divide 12906918?
False
Is 277 a factor of 1065065?
True
Is 21 a factor of 184275?
True
Is 1475760 a multiple of 15?
True
Is 451008 a multiple of 96?
True
Is 179 a factor of 9352644?
False
Is 19 a factor of 1265973?
False
Is 7729857 a multiple of 49?
False
Is 72 a factor of 336816?
True
Does 49 divide 157143?
True
Does 462 divide 1061214?
True
Is 529 a factor of 2043527?
True
Is 227 a factor of 63217?
False
Is 529 a factor of 181467?
False
Is 154 a factor of 399231?
False
Is 21 a factor of 1009418?
False
Does 282 divide 1111080?
True
Is 495920 a multiple of 109?
False
Is 31 a factor of 8465056?
False
Does 275 divide 251955?
False
Does 11 divide 249389?
False
Does 46 divide 2389976?
True
Is 219990 a multiple of 82?
False
Is 16604406 a multiple of 2943?
True
Does 38 divide 472489?
False
Does 337 divide 13151730?
False
Is 104 a factor of 3728712?
True
Does 1027 divide 18056970?
False
Is 113472 a multiple of 36?
True
Does 5 divide 430669?
False
Is 35 a factor of 55839?
False
Does 906 divide 6200664?
True
Does 34 divide 395590?
True
Is 34 a factor of 13497182?
False
Is 567998 a multiple of 89?
True
Does 5 divide 4428510?
True
Is 17460 a multiple of 36?
True
Is 57 a factor of 402564?
False
Is 608926 a multiple of 590?
False
Does 358 divide 1129783?
False
Is 71 a factor of 12228?
False
Does 173 divide 426272?
True
Does 615 divide 719916?
False
Is 18 a factor of 103482?
True
Does 912 divide 3081648?
True
Is 292 a factor of 109542?
False
Is 65 a factor of 126105?
False
Is 452448 a multiple of 32?
True
Does 9 divide 201339?
True
Does 8 divide 2618?
False
Does 89 divide 132934?
False
Is 29 a factor of 16531044?
True
Is 40 a factor of 867388?
False
Is 3088615 a multiple of 757?
False
Does 585 divide 1575990?
True
Is 1953 a multiple of 8?
False
Is 68244 a multiple of 188?
True
Does 18 divide 732087?
False
Is 183688 a multiple of 65?
False
Does 7 divide 1740099?
False
Does 274 divide 612116?
True
Is 143041 a multiple of 51?
False
Is 255818 a multiple of 74?
True
Is 28 a factor of 2465602?
False
Is 875007 a multiple of 21?
True
Does 47 divide 176891?
False
Is 8 a factor of 90776?
True
Is 325 a factor of 264875?
True
Does 142 divide 1122794?
True
Does 186 divide 1111225?
False
Is 132 a factor of 4777557?
False
Is 746 a factor of 2452102?
True
Is 145 a factor of 587810?
False
Does 3 divide 57656?
False
Does 5 divide 11510?
True
Is 43134 a multiple of 78?
True
Does 87 divide 576179?
False
Does 74 divide 5281417?
False
Does 316 divide 393260?
False
Is 888745 a multiple of 13?
True
Is 17213309 a multiple of 36?
False
Is 2983 even?
False
Is 195664 a multiple of 18?
False
Does 24 divide 445416?
True
Does 34 divide 1931486?
False
Is 63 a factor of 8190441?
True
Is 44 a factor of 199804?
True
Does 124 divide 2220551?
False
Does 105 divide 5180692?
False
Does 137 divide 169419?
False
Does 9 divide 1177911?
True
Is 1452386 a multiple of 352?
False
Is 193553 a multiple of 167?
True
Is 1961367 a multiple of 18?
False
Is 5 a factor of 14720?
True
Is 14 a factor of 192500?
True
Does 150 divide 2680200?
True
Does 26 divide 89869?
False
Is 804816 a multiple of 92?
True
Is 1342473 a multiple of 348?
False
Is 40 a factor of 2530040?
True
Is 3 a factor of 28954?
False
Is 106 a factor of 574520?
True
Is 1235 a factor of 235543?
False
Is 1624 a factor of 14850344?
False
Does 12 divide 401664?
True
Does 19 divide 2940915?
True
Is 9656325 a multiple of 246?
False
Is 36 a factor of 4085620?
False
Is 1232 a factor of 12216151?
False
Does 32 divide 1589915?
False
Does 112 divide 10269504?
True
Is 146 a factor of 126404?
False
Is 65 a factor of 1186510?
True
Is 346 a factor of 1263592?
True
Is 132348 a multiple of 6?
True
Is 68548 a multiple of 8?
False
Does 6 divide 185867?
False
Does 68 divide 796076?
True
Is 2 a factor of 14026?
True
Is 1024 a factor of 3395584?
True
Is 120 a factor of 37772?
False
Does 25 divide 12978100?
True
Does 22 divide 2162270?
True
Is 23 a factor of 2448971?
True
Is 9 a factor of 951219?
True
Does 30 divide 1835460?
True
Does 55 divide 639262?
False
Does 13 divide 160212?
True
Is 66 a factor of 25529394?
True
Does 8 divide 11344?
True
Is 357 a factor of 3024861?
True
Does 2 divide 374876?
True
Does 8 divide 467032?
True
Is 876462 a multiple of 64?
False
Is 246 a factor of 366540?
True
Does 9 divide 786915?
True
Is 22 a factor of 443762?
True
Is 435447 a multiple of 79?
False
Is 143 a factor of 1114113?
True
Is 828563 a multiple of 5?
False
Is 169120 a multiple of 7?
True
Does 101 divide 482649?
False
Does 16 divide 886496?
True
Does 36 divide 224568?
True
Is 5956203 a multiple of 655?
False
Is 22 a factor of 15797?
False
Is 23 a factor of 2183137?
True
Is 141 a factor of 79321?
False
Is 38892 a multiple of 7?
True
Is 598 a factor of 539218?
False
Is 1396238 a multiple of 24?
False
Does 8 divide 925978?
False
Is 14 a factor of 1256360?
True
Does 709 divide 1193247?
True
Is 481814 a multiple of 37?
True
Is 16709 a multiple of 86?
False
Is 16355088 a multiple of 867?
True
Does 85 divide 74765?
False
Is 4 a factor of 1153?
False
Is 3386944 a multiple of 88?
True
Is 46 a factor of 568928?
True
Does 157 divide 18655762?
False
Is 3193064 a multiple of 19?
True
Is 534 a factor of 2247072?
True
Is 240794 a multiple of 9?
False
Is 11 a factor of 39564?
False
Does 7 divide 222575?
False
Is 201 a factor of 329046?
False
Is 24353 a multiple of 49?
True
Is 364 a factor of 150696?
True
Is 3963549 a multiple of 63?
False
Does 176 divide 5955664?
True
Does 30 divide 262050?
True
Is 122720 a multiple of 40?
True
Is 2206478 a multiple of 314?
True
Is 233 a factor of 70156?
False
Is 860860 a multiple of 20?
True
Does 126 divide 296786?
False
Does 42 divide 44940?
True
Is 77 a factor of 1780009?
True
Does 15 divide 72900?
True
Is 203 a factor of 102718?
True
Is 120739 a multiple of 10?
False
Does 581 divide 2903838?
True
Is 6 a factor of 677863?
False
Does 67 divide 180096?
True
Does 11 divide 2972706?
True
Is 374 a factor of 51238?
True
Does 1536 divide 11966976?
True
Is 61073 a multiple of 3?
False
Is 14 a factor of 608608?
True
Is 232 a factor of 3523616?
True
Does 35 divide 1801419?
False
Is 108 a factor of 3940608?
False
Is 2506976 a multiple of 314?
True
Is 183931 a multiple of 253?
True
Is 553009 a multiple of 1234?
False
Is 4261592 a multiple of 4?
True
Is 34320 a multiple of 156?
True
Is 8 a factor of 1540896?
True
Is 125 a factor of 563127?
False
Is 16 a factor of 580361?
False
Is 117 a factor of 3121437?
False
Is 10362782 a multiple of 22?
False
Does 12 divide 73153?
False
Is 633 a factor of 2767476?
True
Is 32 a factor of 590368?
True
Is 70 a factor of 155190?
True
Does 42 divide 165105?
False
Is 1912 a multiple of 4?
True
Does 6 divide 93367?
False
Does 35 divide 9668960?
True
Does 52 divide 71947?
False
Does 2 divide 115313?
False
Is 598 a factor of 3841552?
True
Is 91543 a multiple of 18?
False
Does 164 divide 310993?
False
Is 1556160 a multiple of 80?
True
Is 22 a factor of 196240?
True
Is 5 a factor of 3095536?
False
Is 159965 a multiple of 115?
True
Does 42 divide 1314528?
False
Does 164 divide 102310?
False
Does 226 divide 311880?
True
Does 9 divide 132694?
False
Is 238 a factor of 35224?
True
Does 10 divide 64290?
True
Does 7 divide 39688?
False
Is 15501 a multiple of 24?
False
Is 29 a factor of 6177?
True
Is 11 a factor of 36463?
False
Does 537 divide 346365?
True
Does 251 divide 9907221?
True
Does 241 divide 635276?
True
Is 3212352 a multiple of 676?
True
Is 453 a factor of 167157?
True
Is 11 a factor of 192357?
True
Is 2041632 a multiple of 816?
True
Is 10 a factor of 136132?
False
Is 600748 a multiple of 28?
False
Is 61 a factor of 14474507?
True
Does 556 divide 527276?
False
Does 196 divide 784711?
False
Does 14 divide 322868?
True
Is 229 a factor of 44955?
False
Is 3871044 a multiple of 32?
False
Does 110 divide 2732400?
True
Is 128 a factor of 8576?
True
Does 110 divide 12540?
True
Is 25 a factor of 882950?
True
Does 236 divide 2583962?
False
Is 13 a factor of 156386?
False
Is 28728 a multiple of 28?
True
Is 27 a factor of 161191?
False
Does 13 divide 5